. Suppose l - 426 = -5*w - 3*y, 2*w + 4*y = 124. What is the tens digit of w?
6
Let v(p) = -19*p**3 - 2*p**2 - 7*p - 2. What is the tens digit of v(-2)?
5
Let l be (-1 + 0)/((-13)/143). Let o = l - 6. Suppose o*c - 24 = -4. What is the units digit of c?
4
Suppose -65*m + 50078 = 8*m. What is the units digit of m?
6
Let a = 26 - -2045. What is the hundreds digit of a?
0
Suppose -13*c - 126 = -4*c. Let n = 4 - 8. Let v = n - c. What is the tens digit of v?
1
Suppose -21287 - 18808 = -45*d. What is the hundreds digit of d?
8
Let y = 144 - 100. Suppose -3*c + 4*c = 101. Suppose -5*k + y = -c. What is the tens digit of k?
2
Suppose 0 = -67*c + 2924 + 3307. What is the units digit of c?
3
Let g be (-520)/16 - 1/(-2). Let u = 114 + g. What is the tens digit of u?
8
Let u(t) = -9*t + 12. Let w(d) = -d**3 + 5*d**2 - 4. Let j be w(5). Let g be u(j). Suppose y + g = 5*y + 5*h, 71 = 3*y - 5*h. What is the units digit of y?
7
Let c(t) = t**3 - 17*t**2 + 2. Let a be c(17). Suppose 5*h - a*i - 1052 = -0*i, 3*h - 652 = -4*i. What is the hundreds digit of h?
2
What is the thousands digit of (-30)/20 - (3023/2)/(-1)?
1
Let v(z) = -2*z - 3. Let h be v(-4). Suppose 100 = -2*b + h*f, 7*f - 5*f - 172 = 3*b. What is the tens digit of -3*(-55)/b*-20?
5
Let m = 2 - 8. Let z(q) = q**3 - 3*q + 42 + 6*q**2 - 55 - 2*q. What is the tens digit of z(m)?
1
Let s(w) = 52*w - 38. What is the units digit of s(4)?
0
Let d(j) = 14*j**2 + 28*j + 54. Let b(o) = 5*o**2 + 9*o + 18. Let x(r) = -11*b(r) + 4*d(r). Let y be x(-12). What is the tens digit of 9/(-6) - (-171)/y?
2
Suppose h = 5*h - 836. What is the units digit of h?
9
Suppose -2*z + 2 = -r, 3*r + r - 5*z + 2 = 0. Suppose r*a - 4*x = -x + 7, -2*x + 17 = 3*a. Suppose 3*d - 4 = 5, -a*j + 4*d = -43. What is the units digit of j?
1
Suppose 15*b = 12062 + 32833. What is the tens digit of b?
9
Let u = -1951 - -3874. What is the units digit of u?
3
Suppose -33*v = -14*v - 34067. What is the thousands digit of v?
1
Let v(m) = -m**3 - 3*m**2 + 7*m + 5. Let p be v(-6). Suppose 4*t = 57 + p. What is the units digit of t?
2
Let z(s) be the first derivative of -s**3/3 - s**2/2 + 5*s - 3. Let u be z(0). Suppose -111 - 9 = -u*h. What is the units digit of h?
4
Let a(h) = 60*h + 576. What is the thousands digit of a(12)?
1
Let r be ((-182)/6)/(13/(-39)). Suppose -3*y + r = -2*q + q, -4*y + 148 = 4*q. What is the units digit of y?
2
Let o(f) = 387*f - 3. What is the units digit of o(2)?
1
Let s be 78/10 + (-4)/(-20). Let m be (16/(-6) + 2)*3. Let g = s - m. What is the tens digit of g?
1
Suppose 2*g - 1087 - 1553 = 2*n, -4*n + 2628 = 2*g. What is the tens digit of g?
1
Suppose -19 = -4*c + 21. Let s = -6 + c. What is the units digit of -1*(-29 + s/(-4))?
0
Suppose -6*g - 1188 = -4*x - 2*g, g + 1477 = 5*x. Suppose -4*f + x + 25 = 0. What is the units digit of f?
0
Let b(w) = 109*w - 4. What is the hundreds digit of b(3)?
3
Let z(b) = -2500*b - 247. What is the tens digit of z(-2)?
5
Let m(c) = -20*c + 29. What is the units digit of m(-3)?
9
Let q(j) = 4*j**2 - 6*j + 3. Let c(z) = -3*z**2 + 7*z - 3. Let h(x) = 5*c(x) + 4*q(x). Let w(f) be the first derivative of h(f). What is the tens digit of w(8)?
2
Let f be (6/10)/(2/10). Suppose -r = 5*u - 24, 8 - 3 = -5*r. Suppose -5*g - 5*b = -210, f*g - u*g + 5*b + 119 = 0. What is the tens digit of g?
4
What is the units digit of 45/2*7/(7/82)?
5
Let c = -25 - -51. What is the tens digit of c - (-2 - (-2 + -2))?
2
Let u = 76 + -94. What is the units digit of (2 + 168)*u/(-45)?
8
Let f = 8144 - 4377. What is the thousands digit of f?
3
Let p = 3 - 2. Let a = p - -65. Suppose -4 + 2 = t, -4*s - t = -a. What is the tens digit of s?
1
Let a(t) = -1315*t - 388. What is the thousands digit of a(-3)?
3
Suppose -5*a - 25 = -10*a, 3*a = -h + 902. What is the units digit of h?
7
Suppose 9*d = 21 + 15. Suppose -j - 185 = -d*o, -4*o - 6 + 187 = 3*j. What is the tens digit of o?
4
Suppose -2*g - 177 + 927 = 0. What is the units digit of g?
5
Suppose -11*s = -33*s + 7524. What is the tens digit of s?
4
Let c be ((-14)/(-21))/((-4)/138). Let o = 25 + c. Suppose -2*y = 2*l - 88, -4*l - 3*y = o*y - 172. What is the tens digit of l?
4
Let j = 54 - 50. Suppose j*v - 288 = v. What is the units digit of v?
6
Suppose -15 = -4*y + 5. Suppose -y*k = -k - 172. Let g = k - 31. What is the tens digit of g?
1
Let z be 6/(-33) + (-342)/(-66). Suppose 0 = z*c - 114 - 141. What is the tens digit of c?
5
Suppose 4*y + 4*s = 164, 2*y - s - 3*s - 76 = 0. Suppose 2*u + 3*m - 12 = 0, -4*u + y = u + 5*m. What is the tens digit of u?
1
Let s = 62 + 177. Let v = -271 - s. What is the tens digit of v/(-25) - 4/10?
2
Let n(v) = 3*v**2 - 20*v - 8. Let z(c) = -8*c**2 + 60*c + 25. Let g(p) = -11*n(p) - 4*z(p). What is the units digit of g(-9)?
7
What is the units digit of 1092/20 + (2 - 13/5)?
4
Let d(m) = 6*m - 12. Let l be d(4). What is the tens digit of ((-6704)/(-26) - l/(-78))/2?
2
Suppose -3102 - 1658 = -8*x. What is the hundreds digit of x?
5
What is the thousands digit of (32/(-8))/(56/(-89502))?
6
Let c = 79 - 34. Suppose -y + 10 = 2*d - c, 3*y = -15. What is the units digit of d?
0
Suppose s - 3 = -4*a + 2*s, 5*s - 3 = 2*a. Let j(i) = 5*i. Let n be j(a). Suppose -r = -z + 16, -n*z - 5*r + 3*r = -108. What is the units digit of z?
0
Suppose 165 + 67 = t - 2*y, 2*y = -5*t + 1136. Let i = -112 + t. What is the tens digit of i?
1
Suppose -3*o = 2*k - 918, -1223 = 18*o - 22*o - 3*k. What is the tens digit of o?
0
Let f be (32/(-20))/((-2)/5). Let m be 2/(f/(-2) - -3). Suppose -4*j - 7*u + 11 = -m*u, 2*u - 10 = -3*j. What is the units digit of j?
4
Let w(t) = -45*t + 9. Let x be w(-8). Suppose -3*f + 4*p + x = 117, 2*f - 5*p = 161. What is the tens digit of f?
8
Let m = 8 - 13. Let u(i) = i + 6. Let f be u(m). What is the tens digit of (44 + (-3)/f)/1?
4
Let y(v) = -16*v + 6. Let b(p) = -32*p + 13. Let a(m) = -3*b(m) + 7*y(m). What is the tens digit of a(-5)?
8
Let h(a) = 51*a**2 - 4*a - 2. What is the tens digit of h(2)?
9
Let s(o) = -o + 16. Suppose 0 = 3*p - 8*p - 45. What is the units digit of s(p)?
5
Suppose 0 = -39*p + 46*p. Suppose 3*d = -p*d + 909. What is the hundreds digit of d?
3
Suppose -p + 4*n + 4492 = 0, 0 = 3*p + 2*n - 3129 - 10305. What is the tens digit of p?
8
Let c = 86 - 82. Suppose -3*g + 4*j + 120 + 73 = 0, g - 2*j = 65. Suppose c*d - g = -3*u, 2*d - 2*u - 40 = -12. What is the units digit of d?
5
Let p(n) = -13*n + 6*n - 12*n + 0*n. Suppose -2*f - 3*k - 13 = 0, f = 2*f + 2*k + 8. What is the units digit of p(f)?
8
Suppose y = 2, -69*j + 74*j - 503 = y. What is the hundreds digit of j?
1
Let r(g) = -g**2 + 7*g. Let h(v) = -v**2 + 8*v. Let j(s) = 2*h(s) - 3*r(s). Let l be j(6). Suppose -l*u = -3*u - 72. What is the tens digit of u?
2
What is the units digit of 40/(-3)*(-126)/28?
0
Let q(i) be the second derivative of -i**5/20 + i**4/6 + 5*i**3/6 - 7*i**2/2 - 2*i. Let x be q(3). What is the tens digit of x/((-2)/17)*2?
1
Let y = -29 + 25. Let f(j) = -j**3 + 3*j - 7. What is the units digit of f(y)?
5
Suppose -3*n = -8*n + 50. Let m = n + -5. Suppose -5*c = m*g - 105, -3*g + 68 = 3*c + c. What is the tens digit of g?
1
Let s(v) = -v**2 + 6*v + 3. Let o be s(6). Suppose 3*c + c - 648 = -4*i, -491 = -o*c + 2*i. What is the tens digit of c?
6
Let h(i) = i**3 + 10*i**2 + 8*i + 8. Let q be h(-9). Let t = q - 7. Suppose -t + 20 = 2*x. What is the units digit of x?
5
Let c(g) = 3*g**3 + 18*g**2 + g - 6. Let m be c(-6). What is the tens digit of (-6)/m*173*2?
7
Let y be (2 + -1)*-1 + 6. Suppose 0 = y*c - 28 - 202. What is the tens digit of c?
4
Let y be -2 - 115/(-30) - (-3)/18. Suppose 50 = 3*z + y*p - 271, 0 = 4*z + 2*p - 430. What is the tens digit of z?
0
Let y be (-45)/10*(-2)/3 - -1. Suppose 7*d - y*d - 4*h = 993, -5*d = -4*h - 1663. What is the tens digit of d?
3
Suppose 26*q - 8480 = 18*q. What is the tens digit of q?
6
What is the hundreds digit of -4*6*5089/56*-1?
1
Let v = 900 - 653. What is the tens digit of v?
4
Let z = -11 - -16. Let c(m) = 12*m + 1 - 1 - 8*m - m**2 + z. What is the units digit of c(4)?
5
Let o be -4 + (-3 + 3)*1. Let l = -5 - o. What is the units digit of (21/35)/(l/(-5))?
3
Suppose 5*p = -2*p + 84. Suppose j - p*j = -1837. What is the units digit of j?
7
Let p be (-1120)/63 + 2/(-9). Let m = p